= j - u. What is the remainder when 41 is divided by z?
13
Suppose -2*t = -x + 54, -2*t = -3*x + 5*x - 132. Suppose 0 = u - x + 2. Calculate the remainder when u is divided by 21.
18
Let q = -167 + 296. What is the remainder when q is divided by 6?
3
Let f = -69 - -85. Let j = 28 - f. Calculate the remainder when j is divided by 6.
0
Let r be -1*2/((-6)/9). Suppose -r*o = 2*o + 45. Let g = o - -34. What is the remainder when 74 is divided by g?
24
Let z = -42 - -115. Suppose -3*x = 6, -4*x = 5*m - 9*x + 165. Let v = 60 + m. What is the remainder when z is divided by v?
23
Let n be 27 + -1 + 0 + 0. Suppose 3*j - n = j. Let y(t) = -t**3 + 7*t**2 + 26*t - 68. What is the remainder when j is divided by y(9)?
1
Suppose -46 + 59 = t. Calculate the remainder when t is divided by 3.
1
Let z(b) = -b**3 - 14*b**2 - 22*b - 97. Calculate the remainder when 57 is divided by z(-13).
17
Let q be 2/(-4) + 650/20. Suppose -3*s - 2 - 9 = 5*a, 10 = -2*a - 4*s. What is the remainder when a/(28/q - 1) is divided by 3?
2
Let c(d) = 126*d + 21. Calculate the remainder when c(6) is divided by 26.
23
Let k = -26 + 21. Let h(t) = t**2 - 2*t + 1. Suppose -2*a + 3*a = -3*b + 1, 3*b = -4*a + 31. What is the remainder when h(k) is divided by a?
6
Let t = -38 - -93. Let f = -98 + 100. Suppose -f*q - 3*q = -70. Calculate the remainder when t is divided by q.
13
Let b = 43 - 75. Calculate the remainder when (684/(-48))/(6/b) is divided by 26.
24
Let a be 3/(-24) + 50/16. Suppose 0 = l + a*s - 50, -226 = -5*l + 5*s + 24. Calculate the remainder when l is divided by 13.
11
Let f(p) be the first derivative of -p**3/3 - 7*p**2/2 + 14*p + 6. Let v be f(-7). Suppose -g = -3*g + v. Calculate the remainder when 13 is divided by g.
6
Let h(z) = -9*z + 7*z + z + 7. What is the remainder when h(0) is divided by 2?
1
Suppose -35*m + 51 = -32*m. Calculate the remainder when 78 is divided by m.
10
Let z(w) = -2*w + 26. Let v be z(9). Suppose -10*h + 106 = -v*h. Calculate the remainder when h is divided by (-4 + 0)/((-6)/21).
11
Let k(t) = 5*t - 16. Let p(o) = -3*o - 25. Let i be p(-10). Suppose -i*w + 8 + 27 = 0. What is the remainder when 51 is divided by k(w)?
13
Suppose 58 = 2*s + 12. Let q = s + -17. Let r(w) = 2*w**2 - 7*w - 7. What is the remainder when r(q) is divided by 8?
7
Let l(o) = 3*o**2 - 1. Suppose 4*y + 51 - 19 = 0. Let n be 1*-7*y/28. Calculate the remainder when l(n) is divided by 6.
5
Suppose 0 = -17*u + 284 + 362. Let z(g) be the second derivative of g**4/4 - g**3/2 + g**2 + g. What is the remainder when u is divided by z(3)?
18
Let x(r) = 17*r - 4. Let q = -2 + 4. Suppose q*g = -2*g + 200. Calculate the remainder when g is divided by x(1).
11
Suppose 8 = -2*d + 4*d. Suppose d + 20 = 4*m. Calculate the remainder when (9 - -1)*27/m is divided by 12.
9
Suppose 0 = -27*z - 6*z + 231. Calculate the remainder when 120 is divided by z.
1
Suppose 7*l = 8*l - 18. What is the remainder when 15/(-18)*21*-6 is divided by l?
15
Suppose 2*g - 8 = -s - g, -5*g + 5 = 0. Suppose -s*a = -4*a. Suppose -3*y - 1 + 37 = a. Calculate the remainder when 32 is divided by y.
8
Let j be -4 + (-1)/(21/(-342))*7. Let g = j + -80. Calculate the remainder when g is divided by 18.
12
Suppose 27 - 109 = -2*d. Let m = 20 - 8. What is the remainder when d is divided by m?
5
What is the remainder when 29 is divided by (12/5)/(9/30)?
5
Let n(u) = -5*u + 7. What is the remainder when 4/48 + (-33847)/(-204) is divided by n(-7)?
40
Suppose 0 = 5*u - 1 - 4. Suppose -5*r = -3*t - 11 - 14, -4*t - 20 = 0. Calculate the remainder when (3 + -2)*-6*(-1)/r is divided by u.
0
Let w(m) = -m**2 - 30*m - 88. What is the remainder when 33 is divided by w(-26)?
1
Let c = 17 + -12. Let k be 2/(((-6)/c)/(-3)). Suppose -k*y = -2*y - 6. Calculate the remainder when 7 is divided by y.
1
Suppose 38*v - 38 = 36*v. Calculate the remainder when 37 is divided by v.
18
Let d = 654 - 614. Calculate the remainder when d is divided by 22.
18
Calculate the remainder when 311 is divided by 135/3 - (13 + -7).
38
Let t = -7 - -8. Let k be t*(5 - 3) - -3. Suppose 4*u - 302 + 102 = 2*x, k*u - 2*x = 249. What is the remainder when u is divided by 17?
15
Suppose -76 = -5*y + 2*r, -r = -2*y + 2*r + 26. Suppose 5*n - 4*u - 44 = 0, n = -4*n + 2*u + 52. Calculate the remainder when y is divided by n.
4
Let x = -125 + 131. Calculate the remainder when x is divided by 4.
2
Let q be (-1)/2*130/(-39)*-3. Calculate the remainder when -4*q/20*103 is divided by 27.
22
Suppose -r = r - p - 130, 2*p - 252 = -4*r. Suppose -67*u = -r*u - 45. Calculate the remainder when 102 is divided by u.
12
Let r = 297 - 198. Calculate the remainder when r is divided by 36.
27
Suppose -3*p + 6*p + 21 = -3*n, n + 7 = 5*p. Let h(o) = -2*o + 9. Calculate the remainder when 63 is divided by h(n).
17
Let i = 54 + -48. Suppose 0 = -2*f + u + 18, u + 10 = 2*f - 4*u. Calculate the remainder when f is divided by i.
4
Suppose z - 31 = -f, -10*z - f + 130 = -6*z. Suppose -7 = -k + 5. What is the remainder when z is divided by k?
9
Suppose 21*a + 21*a = 882. What is the remainder when 617 is divided by a?
8
What is the remainder when -3 + 0 + 249 + (-11 - -8) is divided by 35?
33
Let s(c) = c**3 + 13*c**2 + 7*c + 10. Suppose 5*v = 2*z + 14, -54 = 5*z - z + 3*v. What is the remainder when s(z) is divided by 24?
22
Let g(t) = t + 1. Suppose 2*y = b - 16, 0 = -3*y + 7*y + 12. What is the remainder when 0 + 0 + 44 + -1 is divided by g(b)?
10
Suppose -5*w + 15 = -2*q - 52, 4*w - 3*q = 55. Let p(g) = -4*g**2 - 14*g - 8. What is the remainder when w is divided by p(-2)?
1
Suppose 2*z = 4*i - 30, 0 = 7*i - 5*i + z - 21. What is the remainder when 57 is divided by i?
3
What is the remainder when (-3284)/(-36) + 12/(-54) is divided by 26?
13
Suppose -21*t = -17*t + 2*i - 686, 838 = 5*t - 4*i. What is the remainder when t is divided by 58?
54
Let p = 47 + -45. Let g(y) = 13*y - 8. What is the remainder when 51 is divided by g(p)?
15
Suppose -40*h + 42*h = 96. What is the remainder when h is divided by 7?
6
Calculate the remainder when 33 is divided by 3*((-150)/(-18) + -4).
7
Let j(t) = -t**2 + 3*t + 145. Suppose 2*x + 0*x - 144 = 0. Calculate the remainder when x is divided by j(13).
12
Let m(i) = 2*i**2 + 18*i - 14. Calculate the remainder when m(-14) is divided by 32.
30
Suppose -2*q - 2*v + 46 = 3*v, -4 = -2*v. What is the remainder when 89 is divided by q?
17
What is the remainder when (-368)/2*47/(-47) is divided by 8?
0
Let s(w) = w**2 + 19*w + 62. Calculate the remainder when s(-19) is divided by 51.
11
Suppose -4*s = -5*y - 17, 4*s = 8*s - 4*y - 16. Suppose 4*p + s*h = 76, 5*h + 5 = -5*p + 105. Calculate the remainder when 45 is divided by p.
13
Let j(y) = -y**3 - 4*y**2 + 6*y - 11. Let p be j(-6). Suppose 6*k - 445 + p = 0. What is the remainder when k is divided by 15?
10
Suppose -h - l = -6*l, 3*h - 2*l = -39. Suppose o - 12 = -55. Let x = h - o. Calculate the remainder when x is divided by 10.
8
Let t(r) = r**3 + 7*r**2 + 5. Let w be t(-7). Suppose 5*k - 2*k = 33. Suppose -5*l = w, b - 4*l - k = 4. What is the remainder when 42 is divided by b?
9
Suppose 228 = -3469*q + 3472*q. Calculate the remainder when q is divided by 27.
22
Suppose 0 = 19*n + 142 - 807. What is the remainder when 487 is divided by n?
32
What is the remainder when 36 is divided by (-1)/(0 + -3 - 5885/(-1980))?
0
Let d = -41 - -391. What is the remainder when d is divided by 22?
20
Suppose 3*k = 7*k - 8. What is the remainder when (k/(-4))/(1/(-38)) is divided by 50/6*48/40?
9
Suppose c - 4*j - 39 = -0*j, -2*c = -5*j - 63. Let i = c + -10. What is the remainder when 44 is divided by i?
8
Let f be 4*(-924)/(-40) - (-2)/(-5). Let d = -82 + f. Calculate the remainder when 79 is divided by d.
9
Let s(p) = p**2 - 11*p + 53. What is the remainder when 1814 is divided by s(5)?
20
What is the remainder when (-474)/(-10)*(-25 + 55) - -4 is divided by 110?
106
Suppose -5*c = -51 - 89. Suppose -2*h = c - 222. What is the remainder when h is divided by 14?
13
Suppose -20*k - 4305 = -41*k. Calculate the remainder when k is divided by 117.
88
Suppose o + 0*o = 1. Suppose 201 = 4*d - 91. What is the remainder when d is divided by (-2 + o - -26)*1?
23
What is the remainder when 99 - (-8)/(-24)*15 is divided by 4?
2
Suppose